) = 85*k**3 + k**2 - k - 2. Let a be j(-1). Let o = -72 - a. What is the remainder when o is divided by p?
3
Let i be 8 - ((-2)/(-7) + 182/49). What is the remainder when 35 is divided by i/(-18) - (3 - 620/36)?
7
Let a be 752/48 - 2/(-6). Suppose -13*r - 27 = -a*r. Calculate the remainder when 34 is divided by r.
7
Let l = 565 + -281. Calculate the remainder when l is divided by 72.
68
Let f(y) = -y + 2. Calculate the remainder when 138/(-4)*(-11)/(99/6) is divided by f(-4).
5
Let j(i) = -4*i + 168. Calculate the remainder when j(20) is divided by 13.
10
Let h = -331 + 356. Calculate the remainder when 87 is divided by h.
12
Let q(l) = l + 0 - 3 - 6*l. Suppose 0 = -7*f + 11*f + 8. Calculate the remainder when q(f) is divided by 2.
1
Suppose -5*c + 2*l + 47 = -44, -3*c = -5*l - 47. Calculate the remainder when c is divided by 15.
4
Suppose -6*b + 2*b = -192. Let w = b - 38. What is the remainder when 28 is divided by w?
8
Let i(q) = -3*q**2 - 2*q + 8. Let z(d) = d**2 + d - 3. Let a(s) = -4*i(s) - 11*z(s). Let o = -128 - -133. Calculate the remainder when 19 is divided by a(o).
8
Let h(o) = o**3 - 6*o**2 + 8*o - 5. Let n be h(7). Suppose -4*s - s = -n. Suppose 2*b = 10, 4*b - s = -u + 2*b. What is the remainder when 28 is divided by u?
8
Suppose 0*g + 1 = -g. What is the remainder when (0 + g)/((-3)/81) is divided by 15?
12
Let f = 50 - 35. Calculate the remainder when 118 is divided by f.
13
Let f(q) = q**2 - q. Let p be f(-3). Suppose -p*h = -8*h - 20. Calculate the remainder when (-1)/(-4) - 153/(-12) is divided by h.
3
Suppose a + 23*a - 504 = 0. What is the remainder when 161 is divided by a?
14
Suppose -153 = 4*p - 5. Let l = 151 + -77. Let d = p + l. Calculate the remainder when d is divided by 19.
18
Calculate the remainder when 18 is divided by (-2)/(-4)*-7*(-160)/56.
8
Let a = 49 + -29. Suppose -2*r = 5*v - 86, r - 2*v = a + 32. Suppose -2*z + 27 + 3 = q, 72 = 4*z - q. Calculate the remainder when r is divided by z.
14
Let v(i) = -i**3 + 4*i**2. Suppose 3*w + 2 = -f - 2, -5*f - 20 = -4*w. Calculate the remainder when v(3) is divided by (1 + w)/(2/8).
1
Let j = -182 + 357. Suppose 2*q + 3*q = j. Let d(o) = -o**2 - 13*o - 24. What is the remainder when q is divided by d(-7)?
17
Suppose -22 = -4*u + 106. Suppose 0*c + 90 = 5*c. Calculate the remainder when u is divided by c.
14
Let q = -382 - -547. Suppose 0*i + i + q = 2*v, 5*v - 412 = 3*i. Calculate the remainder when v is divided by (21/(-14))/((-2)/28).
20
Let b be 12/(-20) - (-3)/5. Suppose b = z - 0*z - 3. Let s(r) = 5*r**2 + 4*r - 2. Calculate the remainder when s(z) is divided by 19.
17
Suppose 0*r = 4*r - 2*q - 1618, -2018 = -5*r + 4*q. Suppose -4*x + r = 3*x. Calculate the remainder when x is divided by 16.
10
Let g(o) be the first derivative of o**2 - 3*o - 13. What is the remainder when 13 is divided by g(3)?
1
Let d(l) = -1. Let y(k) = k + 8. Let n(s) = -3*d(s) - y(s). Let a be n(-10). Let h = 5 + a. Calculate the remainder when 37 is divided by h.
7
Let o(v) = -v**2 + 5*v + 3. Let b be o(4). Suppose 3*n = 2*j - 37, 0 = -3*n + n - 5*j - 50. Let x = b - n. What is the remainder when 64 is divided by x?
20
Let m(k) = -2*k**2 - 5*k - 2. Let p = -6 - -3. Let o be m(p). What is the remainder when 15 is divided by (-3)/o*(-60)/(-6)?
3
Suppose -24*l + 990 = 366. Let r = 26 + -12. Calculate the remainder when l is divided by r.
12
Suppose 4*b = -11*s + 12, 5*b + 2*s - 129 + 114 = 0. Suppose 2*h - 6*h = -5*u - 41, 2*h = -5*u - 17. Calculate the remainder when h is divided by b.
1
Suppose 301 = 16*x - 2099. What is the remainder when x is divided by 75?
0
Let n = 12 - 26. Let o = n + 45. Let z(t) = -t**2 - t + 17. What is the remainder when o is divided by z(0)?
14
Suppose -4*b - 3*r + 157 = 0, -5*b + 17*r + 197 = 20*r. What is the remainder when 129 is divided by b?
9
Let j = -658 - -737. What is the remainder when j is divided by 17?
11
Suppose 193*i - 504 = 184*i. What is the remainder when i is divided by 31?
25
Suppose 97 = 8*q - 4895. Calculate the remainder when q is divided by 57.
54
Let b be (72/3 - 1)*-9. Let a = -113 - b. Calculate the remainder when a is divided by 24.
22
Suppose 22 - 47 = -5*b. Suppose -b*c - 6 + 106 = 5*t, -3*t - 9 = 0. Calculate the remainder when 91 is divided by c.
22
Let d(p) be the second derivative of -5*p**3/6 + 17*p**2/2 + 3*p. Calculate the remainder when d(0) is divided by 8.
1
Let x(a) = 10*a**2 + a + 1. Let t(u) = u**2 - 2*u. Let o be t(1). Let v be x(o). What is the remainder when 6 is divided by (4 + -1)/(15/v)?
0
Suppose 37*w - 30 = 34*w. Suppose -p - 4 = p. What is the remainder when (-19)/(-2)*(4 + p) is divided by w?
9
Suppose -5*f + 40 = g, -f = g - 203 + 143. Calculate the remainder when g is divided by (34/(-4))/(3/(-12)).
31
Let a(c) = -14*c - 169. Calculate the remainder when 129 is divided by a(-14).
21
Let z(q) = -q**3 + 4*q**2 + 7*q - 15. Let j be (-4 + 65/15)*12. What is the remainder when 31 is divided by z(j)?
5
Let z be 2/(-6)*63/7. Let s(c) = -4*c + 11. Suppose 0 = 2*b - b - 90. What is the remainder when b is divided by s(z)?
21
Let j be ((-46)/11)/1 + 16/88. Let h(m) = 2*m**2 - m + 11. Calculate the remainder when 140 is divided by h(j).
46
Let g = -2 + 161. What is the remainder when g is divided by (-26)/(-143) + 548/11 - -4?
51
Let h(f) be the third derivative of -f**6/120 - 7*f**5/60 - 3*f**4/8 - f**3 + f**2. Suppose 17*z = -50 - 52. Calculate the remainder when 33 is divided by h(z).
9
Let p = 1303 + -1222. Calculate the remainder when p is divided by 10.
1
Suppose -10*w + 779 - 349 = 0. What is the remainder when 339 is divided by w?
38
Let r(f) = 83*f**2 + 7*f + 7. What is the remainder when 247 is divided by r(-1)?
81
Let k = 10 - 1. Let n(p) = p**2 + 3*p. Let o be -4*((-1 - 1) + 3). What is the remainder when k is divided by n(o)?
1
Suppose 3*f + 24 = 3*w - 207, 2*f - w = -152. Let h = 101 + f. What is the remainder when h is divided by 10?
6
Suppose -5*w + 13 = -2. Let g be (-2 + -1)*(-1)/w. Let c = g + 7. What is the remainder when 13 is divided by c?
5
Let n = 5 + -28. Let u = n - -42. Let g(p) = 10*p - 4. What is the remainder when g(6) is divided by u?
18
Suppose -15*a = -16696 - 1619. What is the remainder when a is divided by 17?
14
Let w be (-1)/8*1 + (-82)/(-16). Suppose -g - 2 = 2*c + 7, -3*c = w*g + 10. Let u = -2 - -3. What is the remainder when u is divided by g?
0
Suppose 0*s - 3*s - 34 = -p, -4*s - 192 = -5*p. Suppose -p*y + 36 = -37*y. What is the remainder when 131 is divided by y?
11
Suppose 38*q - 39*q = 73. Let m = -41 - q. Calculate the remainder when 159 is divided by m.
31
Let b be ((-78)/(-3) + 4)/2. Suppose -5*k - 15 = 0, -t - 150 + b = -5*k. Let w = -103 - t. What is the remainder when w is divided by 10?
7
Let g = 90 - -9. What is the remainder when g is divided by 50?
49
Suppose 0 = -7*k + 2*k + 280. What is the remainder when k is divided by 540/44 + 210/(-770)?
8
Suppose b - 2*b = -v + 4, 4*b + 23 = 5*v. Suppose 0*p + 79 = 4*p - h, -4*h + 64 = 3*p. Calculate the remainder when (p/12)/(2/24) is divided by v.
6
Suppose 7*j - 227 = 263. Calculate the remainder when 122 is divided by j.
52
Let s(c) = 20*c**2 - 6*c - 39. Let z(p) = -7*p**2 + 2*p + 13. Let v(o) = 6*s(o) + 17*z(o). Let m = 52 - 33. What is the remainder when m is divided by v(6)?
8
Let a(o) = o**3 + 9*o**2 + 9*o + 7. Let m be a(-7). Let c = 55 - m. Calculate the remainder when c is divided by 7.
6
Suppose 2*t + 4*w + 12 = -16, -t = 4*w + 22. Let f(n) = n**3 + 6*n**2 + n + 19. What is the remainder when 22 is divided by f(t)?
9
Suppose -4*q + 570 + 522 = 3*a, 3*q = 4*a + 844. Calculate the remainder when q is divided by 31.
28
Suppose -4*f - 13*v + 229 = -14*v, 4*f = 5*v + 217. What is the remainder when 137 is divided by f?
21
Let p = -6 - -34. Suppose -m + 5*m - 8 = 0. Suppose 12 = o + m. What is the remainder when p is divided by o?
8
Suppose -181 = 4*x - 3*q - 10, 5*x + 220 = 5*q. Let i = x - -41. What is the remainder when i is divided by 2?
0
Suppose 214 = 5*h - 41. What is the remainder when 56 is divided by h?
5
Suppose 12*p + 18*p = 480. Calculate the remainder when 215 is divided by p.
7
Let q = 77 - 66. Calculate the remainder when 29 is divided by q.
7
Suppose -27 - 1 = -2*z. Calculate the remainder when 26 